{"id":7,"date":"2014-06-22T22:01:03","date_gmt":"2014-06-22T22:01:03","guid":{"rendered":"http:\/\/localhost\/gurulofesztival.hu\/2014\/?page_id=7"},"modified":"2014-09-04T22:44:21","modified_gmt":"2014-09-04T20:44:21","slug":"program","status":"publish","type":"page","link":"http:\/\/gurulofesztival.hu\/2014\/?page_id=7","title":{"rendered":"Program"},"content":{"rendered":"<p>(Namost \u00fagy gondoltam, hogy hetedszer nem m\u00e1solom be ugyanazt a sz\u00f6veget \u00e9s magyar\u00e1zom el megint, hogy mi az a Gurul\u00f3fesztiv\u00e1l. Ha m\u00e9g nem hallott\u00e1l r\u00f3la akkor n\u00e9zd meg az <a title=\"Gurul\u00f3fesztiv\u00e1l\" href=\"http:\/\/gurulofesztival.hu\" target=\"_blank\">el\u0151z\u0151 rendezv\u00e9nyek<\/a> honlapjait, vagy a tavalyi <a title=\"Mi ez?\" href=\"http:\/\/gurulofesztival.hu\/2013\/?page_id=4\" target=\"_blank\">Mi ez?<\/a> men\u00fcpontot.)  A rendezv\u00e9ny helysz\u00edne: <strong>Gy\u0151r\u00fajbar\u00e1t, Koml\u00f3h\u00e1t utca<\/strong> A rendezv\u00e9ny id\u0151pontja: <strong>2014. szeptember 6, szombat 14:00-t\u00f3l napnyugt\u00e1ig<\/strong> A rendezv\u00e9nyt rossz id\u0151 eset\u00e9n is ekkor tartjuk, id\u00e9n<strong> nincs es\u0151nap<\/strong>, hisz\u00fcnk a j\u00f3 id\u0151ben! \ud83d\ude42  T\u00e9rk\u00e9p:<br \/>\n<iframe width=\"425\" height=\"350\" frameborder=\"0\" scrolling=\"no\" marginheight=\"0\" marginwidth=\"0\" src=\"http:\/\/maps.google.hu\/maps\/ms?hl=hu&amp;gl=hu&amp;ptab=2&amp;ie=UTF8&amp;oe=UTF8&amp;msa=0&amp;msid=202993946577842607271.0004886fda2c8ac8163f9&amp;t=h&amp;ll=47.607581,17.621555&amp;spn=0.002532,0.00456&amp;z=17&amp;output=embed\"><\/iframe><br \/><small><a href=\"http:\/\/maps.google.hu\/maps\/ms?hl=hu&amp;gl=hu&amp;ptab=2&amp;ie=UTF8&amp;oe=UTF8&amp;msa=0&amp;msid=202993946577842607271.0004886fda2c8ac8163f9&amp;t=h&amp;ll=47.607581,17.621555&amp;spn=0.002532,0.00456&amp;z=17&amp;source=embed\" style=\"color:#0000FF;text-align:left\">Gurul\u00f3fesztiv\u00e1l<\/a> nagyobb t\u00e9rk\u00e9pen val\u00f3 megjelen\u00edt\u00e9se<\/small> <\/p>\n<h2>Regisztr\u00e1ci\u00f3<\/h2>\n<p><strong>13:45-t\u0151l folyamatosan 17:00-ig<\/strong>, ahogy a gyerekek \u00e9brednek a d\u00e9lut\u00e1ni alv\u00e1sb\u00f3l, a R\u00e1k\u00f3czi \u00fat elej\u00e9n, az orvosi rendel\u0151 udvar\u00e1n.<\/p>\n<h2>Nagytes\u00f3 &#8211; ker\u00e9kp\u00e1ros id\u0151m\u00e9r\u0151<\/h2>\n<p>Azoknak, akik m\u00e1r kin\u0151ttek a gurul\u00e1sb\u00f3l, vagy m\u00e1r ciki a motor. Ker\u00e9kp\u00e1ros id\u0151m\u00e9r\u0151 az utca k\u00f6zep\u00e9t\u0151l a tetej\u00e9ig <strong>14:00-t\u00f3l 15:30-ig<\/strong> felfel\u00e9. \u00c9rkez\u00e9si sorrendben, szabadon.<\/p>\n<p>P\u00f3tfutam, annak aki lemaradt: <strong>17:15 \u2013 17:30<\/strong><\/p>\n<p>Ha marad id\u0151 lehet ism\u00e9telni!<\/p>\n<h2>Motoros id\u0151m\u00e9r\u0151<\/h2>\n<p>Gurul\u00e1s kicsiknek \u00e9s nagyoknak motorral. Koroszt\u00e1lyok: 2013 (\u00e9s 2014), 2012, 2011, 2010, 2009 \u00e9s oldboys (oldgirls). Id\u0151pont: <strong>15:40-t\u0151l<\/strong> f\u00e9l percenk\u00e9nt folyamatosan, <strong>17:10-ig<\/strong>. \u00c9rkez\u00e9si sorrendben, szabadon.<\/p>\n<p>Ha marad id\u0151 lehet ism\u00e9telni!<\/p>\n<h2>Energiament\u0151 Gurul\u00f3 Kv\u00edz<\/h2>\n<p>Attila Kilenc \u00e1llom\u00e1sos j\u00e1t\u00e9kos t\u00far\u00e1ja Gy\u0151r\u00fajbar\u00e1ton, sok \u00e9rdekes k\u00e9rd\u00e9ssel, sz\u00e9p helyeken. A r\u00e9sztvev\u0151k extra jutalmat kapnak!  Id\u0151pont: <strong>15:00 &#8211; 16:30<\/strong><\/p>\n<h2>\u00d6sszn\u00e9pi gurul\u00e1s<\/h2>\n<p>Az utca teljes hossz\u00e1ban minden motoros \u00e9s m\u00e1shogy gurul\u00f3 legurul rem\u00e9nyeink szerint fesztiv\u00e1lhangulatban.  Id\u0151pont: <strong>18:15<\/strong><\/p>\n<h2>Eredm\u00e9nyhirdet\u00e9s<\/h2>\n<p>A versenyek d\u00edjkioszt\u00f3ja, z\u00e1r\u00f3ra. Id\u0151pont: <strong>18:45<\/strong><\/p>\n<h2>Arcfest\u00e9s, Hervis szerviz<\/h2>\n<p>A Koleszterin-d\u0171l\u0151n <strong>18:15-ig<\/strong><\/p>\n<h2>Kard-rendje<\/h2>\n<p>Lovagi j\u00e1t\u00e9kok komolyan \u00e9s f\u00e9lkomolyan, ak\u00e1r veled. Id\u0151pont: <strong>15:00-18:15<\/strong><\/p>\n<h2>Lovagl\u00e1s<\/h2>\n<p>A s\u00e1tor m\u00f6g\u00f6tti ter\u00fcleten, kant\u00e1ron vezetett lovon a Hal\u00e1sz-l\u00e1nyok seg\u00edts\u00e9g\u00e9vel. Id\u0151pont: <strong>15:00-18:00<\/strong><\/p>\n<h2>K\u00e9zm\u0171ves foglalkoz\u00e1s, Lurk\u00f3-alap\u00edtv\u00e1ny j\u00e1tsz\u00f3h\u00e1z<\/h2>\n<p>K\u00f6zponti s\u00e1tor: <strong>14:00-18:15<\/strong><\/p>\n<h2>Agyagoz\u00e1s korongon<\/h2>\n<p>Judittal pr\u00f3b\u00e1lhatod ki az agyagoz\u00e1st a 15-\u00f6s h\u00e1zsz\u00e1m alatt (a p\u00e1lya k\u00f6zep\u00e9n\u00e9l). Id\u0151pont: <strong>14:30-18:15<\/strong><\/p>\n<h2>S\u00fcti, s\u00fclt, ragu, pogi, kemenc\u00e9s l\u00e1ngos, \u00fcd\u00edt\u0151, must<\/h2>\n<p>Folyamatosan, t\u00f6bb helysz\u00ednen.<\/p>\n<div id=\"_mcePaste\" class=\"mcePaste\" style=\"position: absolute; left: -10000px; top: 492px; width: 1px; height: 1px; overflow: hidden;\"><!-- p { margin-bottom: 0.21cm; direction: ltr; color: rgb(0, 0, 0); }p.western { font-family: \"Times New Roman\",serif; font-size: 12pt; }p.cjk { font-family: \"AR PL UMing HK\"; font-size: 12pt; }p.ctl { font-family: \"Lohit Hindi\"; font-size: 12pt; }a:link {  } --><\/p>\n<p class=\"western\"><span style=\"font-size: medium;\"><em>Gurul\u00e1s kicsiknek \u00e9s nagyoknak motorral. Koroszt\u00e1lyok: 2013 (\u00e9s 2014), 2012, 2011, 2010, 2009 \u00e9s oldboys (oldgirls). Id\u0151pont: <\/em><\/span><span style=\"font-size: medium;\"><em><strong>15:40-t\u00f3l<\/strong><\/em><\/span><span style=\"font-size: medium;\"><em> f\u00e9l percenk\u00e9nt folyamatosan, <\/em><\/span><span style=\"font-size: medium;\"><em><strong>17:10-ig<\/strong><\/em><\/span><span style=\"font-size: medium;\"><em>. \u00c9rkez\u00e9si sorrendben, szabadon.<br \/>\n<\/em><\/span><span style=\"font-size: medium;\"><em><span style=\"font-weight: normal;\">Ha marad id\u0151 lehet ism\u00e9telni!<\/span><\/em><\/span><\/p>\n<\/div>\n","protected":false},"excerpt":{"rendered":"<p>(Namost \u00fagy gondoltam, hogy hetedszer nem m\u00e1solom be ugyanazt a sz\u00f6veget \u00e9s magyar\u00e1zom el megint, hogy mi az a Gurul\u00f3fesztiv\u00e1l. Ha m\u00e9g nem hallott\u00e1l r\u00f3la akkor n\u00e9zd meg az el\u0151z\u0151 rendezv\u00e9nyek honlapjait, vagy a tavalyi Mi ez? men\u00fcpontot.) A rendezv\u00e9ny helysz\u00edne: Gy\u0151r\u00fajbar\u00e1t, Koml\u00f3h\u00e1t utca A rendezv\u00e9ny id\u0151pontja: 2014. szeptember 6, szombat 14:00-t\u00f3l napnyugt\u00e1ig A rendezv\u00e9nyt [&hellip;]<\/p>\n","protected":false},"author":1,"featured_media":0,"parent":0,"menu_order":0,"comment_status":"open","ping_status":"open","template":"","meta":[],"_links":{"self":[{"href":"http:\/\/gurulofesztival.hu\/2014\/index.php?rest_route=\/wp\/v2\/pages\/7"}],"collection":[{"href":"http:\/\/gurulofesztival.hu\/2014\/index.php?rest_route=\/wp\/v2\/pages"}],"about":[{"href":"http:\/\/gurulofesztival.hu\/2014\/index.php?rest_route=\/wp\/v2\/types\/page"}],"author":[{"embeddable":true,"href":"http:\/\/gurulofesztival.hu\/2014\/index.php?rest_route=\/wp\/v2\/users\/1"}],"replies":[{"embeddable":true,"href":"http:\/\/gurulofesztival.hu\/2014\/index.php?rest_route=%2Fwp%2Fv2%2Fcomments&post=7"}],"version-history":[{"count":9,"href":"http:\/\/gurulofesztival.hu\/2014\/index.php?rest_route=\/wp\/v2\/pages\/7\/revisions"}],"predecessor-version":[{"id":10,"href":"http:\/\/gurulofesztival.hu\/2014\/index.php?rest_route=\/wp\/v2\/pages\/7\/revisions\/10"}],"wp:attachment":[{"href":"http:\/\/gurulofesztival.hu\/2014\/index.php?rest_route=%2Fwp%2Fv2%2Fmedia&parent=7"}],"curies":[{"name":"wp","href":"https:\/\/api.w.org\/{rel}","templated":true}]}}

<p>(Namost úgy gondoltam, hogy hetedszer nem másolom be ugyanazt a szöveget és magyarázom el megint, hogy mi az a Gurulófesztivál. Ha még nem hallottál róla akkor nézd meg az <a title="Gurulófesztivál" href="http://gurulofesztival.hu" target="_blank">előző rendezvények</a> honlapjait, vagy a tavalyi <a title="Mi ez?" href="http://gurulofesztival.hu/2013/?page_id=4" target="_blank">Mi ez?</a> menüpontot.)  A rendezvény helyszíne: <strong>Győrújbarát, Komlóhát utca</strong> A rendezvény időpontja: <strong>2014. szeptember 6, szombat 14:00-tól napnyugtáig</strong> A rendezvényt rossz idő esetén is ekkor tartjuk, idén<strong> nincs esőnap</strong>, hiszünk a jó időben! 🙂  Térkép:<br />
<iframe width="425" height="350" frameborder="0" scrolling="no" marginheight="0" marginwidth="0" src="http://maps.google.hu/maps/ms?hl=hu&amp;gl=hu&amp;ptab=2&amp;ie=UTF8&amp;oe=UTF8&amp;msa=0&amp;msid=202993946577842607271.0004886fda2c8ac8163f9&amp;t=h&amp;ll=47.607581,17.621555&amp;spn=0.002532,0.00456&amp;z=17&amp;output=embed"></iframe><br /><small><a href="http://maps.google.hu/maps/ms?hl=hu&amp;gl=hu&amp;ptab=2&amp;ie=UTF8&amp;oe=UTF8&amp;msa=0&amp;msid=202993946577842607271.0004886fda2c8ac8163f9&amp;t=h&amp;ll=47.607581,17.621555&amp;spn=0.002532,0.00456&amp;z=17&amp;source=embed" style="color:#0000FF;text-align:left">Gurulófesztivál</a> nagyobb térképen való megjelenítése</small> </p>
<h2>Regisztráció</h2>
<p><strong>13:45-től folyamatosan 17:00-ig</strong>, ahogy a gyerekek ébrednek a délutáni alvásból, a Rákóczi út elején, az orvosi rendelő udvarán.</p>
<h2>Nagytesó &#8211; kerékpáros időmérő</h2>
<p>Azoknak, akik már kinőttek a gurulásból, vagy már ciki a motor. Kerékpáros időmérő az utca közepétől a tetejéig <strong>14:00-tól 15:30-ig</strong> felfelé. Érkezési sorrendben, szabadon.</p>
<p>Pótfutam, annak aki lemaradt: <strong>17:15 – 17:30</strong></p>
<p>Ha marad idő lehet ismételni!</p>
<h2>Motoros időmérő</h2>
<p>Gurulás kicsiknek és nagyoknak motorral. Korosztályok: 2013 (és 2014), 2012, 2011, 2010, 2009 és oldboys (oldgirls). Időpont: <strong>15:40-től</strong> fél percenként folyamatosan, <strong>17:10-ig</strong>. Érkezési sorrendben, szabadon.</p>
<p>Ha marad idő lehet ismételni!</p>
<h2>Energiamentő Guruló Kvíz</h2>
<p>Attila Kilenc állomásos játékos túrája Győrújbaráton, sok érdekes kérdéssel, szép helyeken. A résztvevők extra jutalmat kapnak!  Időpont: <strong>15:00 &#8211; 16:30</strong></p>
<h2>Össznépi gurulás</h2>
<p>Az utca teljes hosszában minden motoros és máshogy guruló legurul reményeink szerint fesztiválhangulatban.  Időpont: <strong>18:15</strong></p>
<h2>Eredményhirdetés</h2>
<p>A versenyek díjkiosztója, záróra. Időpont: <strong>18:45</strong></p>
<h2>Arcfestés, Hervis szerviz</h2>
<p>A Koleszterin-dűlőn <strong>18:15-ig</strong></p>
<h2>Kard-rendje</h2>
<p>Lovagi játékok komolyan és félkomolyan, akár veled. Időpont: <strong>15:00-18:15</strong></p>
<h2>Lovaglás</h2>
<p>A sátor mögötti területen, kantáron vezetett lovon a Halász-lányok segítségével. Időpont: <strong>15:00-18:00</strong></p>
<h2>Kézműves foglalkozás, Lurkó-alapítvány játszóház</h2>
<p>Központi sátor: <strong>14:00-18:15</strong></p>
<h2>Agyagozás korongon</h2>
<p>Judittal próbálhatod ki az agyagozást a 15-ös házszám alatt (a pálya közepénél). Időpont: <strong>14:30-18:15</strong></p>
<h2>Süti, sült, ragu, pogi, kemencés lángos, üdítő, must</h2>
<p>Folyamatosan, több helyszínen.</p>
<div id="_mcePaste" class="mcePaste" style="position: absolute; left: -10000px; top: 492px; width: 1px; height: 1px; overflow: hidden;"><!-- p { margin-bottom: 0.21cm; direction: ltr; color: rgb(0, 0, 0); }p.western { font-family: "Times New Roman",serif; font-size: 12pt; }p.cjk { font-family: "AR PL UMing HK"; font-size: 12pt; }p.ctl { font-family: "Lohit Hindi"; font-size: 12pt; }a:link {  } --></p>
<p class="western"><span style="font-size: medium;"><em>Gurulás kicsiknek és nagyoknak motorral. Korosztályok: 2013 (és 2014), 2012, 2011, 2010, 2009 és oldboys (oldgirls). Időpont: </em></span><span style="font-size: medium;"><em><strong>15:40-tól</strong></em></span><span style="font-size: medium;"><em> fél percenként folyamatosan, </em></span><span style="font-size: medium;"><em><strong>17:10-ig</strong></em></span><span style="font-size: medium;"><em>. Érkezési sorrendben, szabadon.<br />
</em></span><span style="font-size: medium;"><em><span style="font-weight: normal;">Ha marad idő lehet ismételni!</span></em></span></p>
</div>

<p>(Namost úgy gondoltam, hogy hetedszer nem másolom be ugyanazt a szöveget és magyarázom el megint, hogy mi az a Gurulófesztivál. Ha még nem hallottál róla akkor nézd meg az előző rendezvények honlapjait, vagy a tavalyi Mi ez? menüpontot.) A rendezvény helyszíne: Győrújbarát, Komlóhát utca A rendezvény időpontja: 2014. szeptember 6, szombat 14:00-tól napnyugtáig A rendezvényt [&hellip;]</p>
